{"id":636,"date":"2017-01-23T20:45:56","date_gmt":"2017-01-23T19:45:56","guid":{"rendered":"http:\/\/www.propeyresq.be\/site\/?page_id=636"},"modified":"2022-03-26T12:42:00","modified_gmt":"2022-03-26T10:42:00","slug":"lassociation","status":"publish","type":"page","link":"https:\/\/propeyresq.be\/?page_id=636","title":{"rendered":"L&rsquo;association"},"content":{"rendered":"<p>Le projet et l\u2019esprit de l&rsquo;association PRO PEYRESQ sont traduits dans ses statuts comme suit\u00a0:<\/p>\n<blockquote><p><em><u>Article 2 des Statuts de l\u2019A.S.B.L.<\/u>\u00a0:\u00a0<\/em><\/p>\n<ol>\n<li><em>L\u2019association a pour but d\u00e9sint\u00e9ress\u00e9 de promouvoir, \u00e0 l\u2019occasion de la reconstruction du village de PEYRESQ d\u2019abord, dans le village reconstruit ensuite, tous mouvements scientifiques, artistiques, culturels, sociaux, ou sportifs.<\/em><\/li>\n<li><em>Son objet social consiste en l\u2019organisation de s\u00e9jours dans le village de PEYRESQ, ainsi que toute activit\u00e9 favorisant les rencontres, l\u2019\u00e9change et le partage d\u2019exp\u00e9riences\u00a0dans l\u2019esprit de son but, notamment par la promotion de contacts entre \u00e9tudiants, anciens \u00e9tudiants et personnes de toute discipline qui souscrivent \u00e0 son id\u00e9al, qu\u2019elle pourra accueillir aussi bien dans les infrastructures du village que lors de r\u00e9unions en Belgique.<\/em><\/li>\n<li><em>Elle peut faire appel \u00e0 des volontaires dans le cadre de ses activit\u00e9s et de la r\u00e9alisation de son objet social.<\/em><\/li>\n<\/ol>\n<\/blockquote>\n","protected":false},"excerpt":{"rendered":"<p>Le projet et l\u2019esprit de l&rsquo;association PRO PEYRESQ sont traduits dans ses statuts comme suit\u00a0: Article 2 des Statuts de l\u2019A.S.B.L.\u00a0:\u00a0 L\u2019association a pour but d\u00e9sint\u00e9ress\u00e9 de promouvoir, \u00e0 l\u2019occasion de la reconstruction du village de PEYRESQ d\u2019abord, dans le village reconstruit ensuite, tous mouvements scientifiques, artistiques, culturels, sociaux, ou [&hellip;]<\/p>\n","protected":false},"author":2,"featured_media":0,"parent":0,"menu_order":2,"comment_status":"closed","ping_status":"open","template":"page-templates\/template-fullwidth.php","meta":{"footnotes":""},"class_list":["post-636","page","type-page","status-publish","hentry"],"post_mailing_queue_ids":[],"_links":{"self":[{"href":"https:\/\/propeyresq.be\/index.php?rest_route=\/wp\/v2\/pages\/636","targetHints":{"allow":["GET"]}}],"collection":[{"href":"https:\/\/propeyresq.be\/index.php?rest_route=\/wp\/v2\/pages"}],"about":[{"href":"https:\/\/propeyresq.be\/index.php?rest_route=\/wp\/v2\/types\/page"}],"author":[{"embeddable":true,"href":"https:\/\/propeyresq.be\/index.php?rest_route=\/wp\/v2\/users\/2"}],"replies":[{"embeddable":true,"href":"https:\/\/propeyresq.be\/index.php?rest_route=%2Fwp%2Fv2%2Fcomments&post=636"}],"version-history":[{"count":2,"href":"https:\/\/propeyresq.be\/index.php?rest_route=\/wp\/v2\/pages\/636\/revisions"}],"predecessor-version":[{"id":1762,"href":"https:\/\/propeyresq.be\/index.php?rest_route=\/wp\/v2\/pages\/636\/revisions\/1762"}],"wp:attachment":[{"href":"https:\/\/propeyresq.be\/index.php?rest_route=%2Fwp%2Fv2%2Fmedia&parent=636"}],"curies":[{"name":"wp","href":"https:\/\/api.w.org\/{rel}","templated":true}]}}