{"id":56,"date":"2021-06-19T12:37:50","date_gmt":"2021-06-19T10:37:50","guid":{"rendered":"http:\/\/www.propeyresq.be\/?page_id=56"},"modified":"2021-06-19T12:37:50","modified_gmt":"2021-06-19T10:37:50","slug":"histoire_part","status":"publish","type":"page","link":"https:\/\/propeyresq.be\/?page_id=56","title":{"rendered":"Peiresc, sentinelle de la Provence (1387-1860)"},"content":{"rendered":"<p>En 1388, la s\u00e9cession de Nice et Barcelonnette entra\u00eena le rattachement d&rsquo;une partie du Comt\u00e9 de Provence au Comt\u00e9 de Savoie, faisant de Peiresc une seigneurie proven\u00e7ale situ\u00e9e sur une marche fronti\u00e8re. Des bornes de pierre sur lesquelles \u00e9taient grav\u00e9es d&rsquo;un c\u00f4t\u00e9 la croix de Savoie et de l&rsquo;autre la fleur de lis, signalaient la fronti\u00e8re. On peut encore en voir une au col des Champs. Cette position frontali\u00e8re durera pr\u00e8s de 500 ans (jusqu&rsquo;en 1860).<\/p>\n<p>La vall\u00e9e de la Va\u00efre resta proven\u00e7ale gr\u00e2ce \u00e0 la r\u00e9sistance d&rsquo;Annot tandis que celle du haut Verdon (Allos) devint savoisienne. Colmars devint ville fronti\u00e8re au nord et Entrevaux garda la fronti\u00e8re dans la vall\u00e9e du Var. Entre Colmars et Entrevaux, la fronti\u00e8re passait au lac de Lignin. Pour remercier Annot d&rsquo;avoir verrouill\u00e9 la vall\u00e9e de la Va\u00efre, le comte de Provence y installa une viguerie (c\u00e0d une juridiction administrative m\u00e9di\u00e9vale dans le Sud de la France et en Catalogne) dont d\u00e9pendirent jusqu&rsquo;en 1789 les communaut\u00e9s de Peyresq, La Colle, M\u00e9ailles, Argenton, Braux et Saint Beno\u00eet.<\/p>\n<p><strong>En 1481, date du rattachement de la Provence au Royaume de France, on comptait 28 feux dans le village, soit environ 100 habitants.\u00a0<\/strong><\/p>\n<p>En 1506, Peiresc fut int\u00e9gr\u00e9 dans le Marquisat de Trans accord\u00e9 au Seigneur de Peiresc, Louis de Villeneuve (1445-1516), par le Roi Louis XII.<\/p>\n<p>A partir du XV si\u00e8cle, le morcellement des fiefs se poursuivant au gr\u00e9 des h\u00e9ritages, Peiresc appartint \u00e0 divers co-seigneurs dont, de 1604 \u00e0 1637, \u00e0 Nicolas Claude Fabri de Peiresc (1580-1637), homme illustre qui contribua et contribue toujours au rayonnement du village dans le monde.<\/p>\n<p>Durant la seconde moiti\u00e9 du 17\u00e8me si\u00e8cle, la famille L&rsquo;Enfant fut co-seigneur de Peiresc, suivie au 18\u00e8me si\u00e8cle par la famille Bayol.<\/p>\n<p><strong>En 1693, le village comptait 47 chefs de famille, soit 237 habitants et en 1727, 22.000 moutons traversaient le village de Peyresq dans le cadre de la transhumance.\u00a0<\/strong><\/p>\n<p>C\u2019est en 1713 que Mathieu Bayol l\u00e9gua ses biens \u00e0 la communaut\u00e9 villageoise peyrescane en contrepartie d&rsquo;une pension annuelle de 1650 livres et de deux \u00ab\u00a0quintaux\u00a0\u00bb de fromage (94kg). La seigneurie de Peiresc devint ainsi un simple mode de propri\u00e9t\u00e9, conservant un caract\u00e8re purement honorifique.<\/p>\n<p>De 1760 \u00e0 1860, Peiresc, devenu entretemps Peyresq (\u00ab le pierreux \u00bb) resta toujours marche fronti\u00e8re entre la France et le Comt\u00e9 de Nice alors inclus au royaume de Pi\u00e9mont-Sardaigne. Un douanier r\u00e9sida m\u00eame \u00e0 Peyresq jusqu&rsquo;en 1866.<\/p>\n<p><strong>En 1765, le village abritait 59 familles. Fin de ce si\u00e8cle, on y cultivait le bl\u00e9, l&rsquo;orge, le lupin et la pomme de terre.\u00a0<\/strong><\/p>\n<p>La p\u00e9riode r\u00e9volutionnaire abolit en 1789 et 1793 les droits seigneuriaux et d\u00e9coupa la France en d\u00e9partements. Peyresq fut ainsi rattach\u00e9 au d\u00e9partement des Basses-Alpes, avec Digne comme chef-lieu. Les montagnards de la Va\u00efre particip\u00e8rent peu aux guerres r\u00e9volutionnaires, \u00e9tant peu\u00a0enthousiastes \u00e0 abandonner le \u00ab\u00a0magau\u00a0\u00bb (la houe) pour prendre le fusil. Les Peyrescans se r\u00e9jouissaient de la disparition des privil\u00e8ges mais \u00e9taient m\u00e9contents des imp\u00f4ts, de la conscription et des exc\u00e8s de la Terreur. D&rsquo;ailleurs, les exc\u00e8s r\u00e9volutionnaires n&rsquo;avaient gu\u00e8re atteint Peyresq.<\/p>\n<p>Apr\u00e8s l&rsquo;invasion en 1792 du Comt\u00e9 de Nice par les r\u00e9volutionnaires fran\u00e7ais, Peyresq ne fut plus village fronti\u00e8re durant 22 ans, c&rsquo;est-\u00e0-dire jusqu&rsquo;\u00e0 la chute de Napol\u00e9on en 1815 et au r\u00e9tablissement du royaume de Pi\u00e9mont-Sargaigne.<\/p>\n<p>En 1860, le Trait\u00e9 de Turin, sign\u00e9 entre Napol\u00e9on III et le roi de Pi\u00e9mont-Sardaigne, rattacha le Comt\u00e9 de Nice d\u00e9finitivement \u00e0 la France et Peyresq cessa de jouer la sentinelle de la Provence, puis de la France, face au Duch\u00e9 de Savoie devenu royaume de Pi\u00e9mont-Sardaigne.<\/p>\n","protected":false},"excerpt":{"rendered":"<p>En 1388, la s\u00e9cession de Nice et Barcelonnette entra\u00eena le rattachement d&rsquo;une partie du Comt\u00e9 de Provence au Comt\u00e9 de Savoie, faisant de Peiresc une seigneurie proven\u00e7ale situ\u00e9e sur une marche fronti\u00e8re. Des bornes de pierre sur lesquelles \u00e9taient grav\u00e9es d&rsquo;un c\u00f4t\u00e9 la croix de Savoie et de l&rsquo;autre la [&hellip;]<\/p>\n","protected":false},"author":2,"featured_media":0,"parent":59,"menu_order":2,"comment_status":"closed","ping_status":"closed","template":"","meta":{"footnotes":""},"class_list":["post-56","page","type-page","status-publish","hentry"],"post_mailing_queue_ids":[],"_links":{"self":[{"href":"https:\/\/propeyresq.be\/index.php?rest_route=\/wp\/v2\/pages\/56","targetHints":{"allow":["GET"]}}],"collection":[{"href":"https:\/\/propeyresq.be\/index.php?rest_route=\/wp\/v2\/pages"}],"about":[{"href":"https:\/\/propeyresq.be\/index.php?rest_route=\/wp\/v2\/types\/page"}],"author":[{"embeddable":true,"href":"https:\/\/propeyresq.be\/index.php?rest_route=\/wp\/v2\/users\/2"}],"replies":[{"embeddable":true,"href":"https:\/\/propeyresq.be\/index.php?rest_route=%2Fwp%2Fv2%2Fcomments&post=56"}],"version-history":[{"count":0,"href":"https:\/\/propeyresq.be\/index.php?rest_route=\/wp\/v2\/pages\/56\/revisions"}],"up":[{"embeddable":true,"href":"https:\/\/propeyresq.be\/index.php?rest_route=\/wp\/v2\/pages\/59"}],"wp:attachment":[{"href":"https:\/\/propeyresq.be\/index.php?rest_route=%2Fwp%2Fv2%2Fmedia&parent=56"}],"curies":[{"name":"wp","href":"https:\/\/api.w.org\/{rel}","templated":true}]}}