{"id":1478,"date":"2021-11-07T12:31:34","date_gmt":"2021-11-07T10:31:34","guid":{"rendered":"http:\/\/wptest.propeyresq.be\/?page_id=1478"},"modified":"2022-03-27T11:24:52","modified_gmt":"2022-03-27T09:24:52","slug":"activites-deau","status":"publish","type":"page","link":"https:\/\/propeyresq.be\/?page_id=1478","title":{"rendered":"Activit\u00e9s d&rsquo;eau"},"content":{"rendered":"\t\t<div data-elementor-type=\"wp-page\" data-elementor-id=\"1478\" class=\"elementor elementor-1478\">\n\t\t\t\t\t\t<section class=\"elementor-section elementor-top-section elementor-element elementor-element-7cd878f elementor-section-boxed elementor-section-height-default elementor-section-height-default\" data-id=\"7cd878f\" data-element_type=\"section\">\n\t\t\t\t\t\t<div class=\"elementor-container elementor-column-gap-default\">\n\t\t\t\t\t<div class=\"elementor-column elementor-col-100 elementor-top-column elementor-element elementor-element-53ed95d\" data-id=\"53ed95d\" data-element_type=\"column\">\n\t\t\t<div class=\"elementor-widget-wrap elementor-element-populated\">\n\t\t\t\t\t\t<div class=\"elementor-element elementor-element-af96910 elementor-widget elementor-widget-heading\" data-id=\"af96910\" data-element_type=\"widget\" data-widget_type=\"heading.default\">\n\t\t\t\t<div class=\"elementor-widget-container\">\n\t\t\t\t\t<h1 class=\"elementor-heading-title elementor-size-default\">Les activit\u00e9s d'eau dans la r\u00e9gion<\/h1>\t\t\t\t<\/div>\n\t\t\t\t<\/div>\n\t\t\t\t\t<\/div>\n\t\t<\/div>\n\t\t\t\t\t<\/div>\n\t\t<\/section>\n\t\t\t\t<section class=\"elementor-section elementor-top-section elementor-element elementor-element-0cb815b elementor-section-boxed elementor-section-height-default elementor-section-height-default\" data-id=\"0cb815b\" data-element_type=\"section\">\n\t\t\t\t\t\t<div class=\"elementor-container elementor-column-gap-default\">\n\t\t\t\t\t<div class=\"elementor-column elementor-col-100 elementor-top-column elementor-element elementor-element-d6a48c9\" data-id=\"d6a48c9\" data-element_type=\"column\">\n\t\t\t<div class=\"elementor-widget-wrap elementor-element-populated\">\n\t\t\t\t\t\t<div class=\"elementor-element elementor-element-e72d147 elementor-widget elementor-widget-spacer\" data-id=\"e72d147\" data-element_type=\"widget\" data-widget_type=\"spacer.default\">\n\t\t\t\t<div class=\"elementor-widget-container\">\n\t\t\t\t\t\t\t<div class=\"elementor-spacer\">\n\t\t\t<div class=\"elementor-spacer-inner\"><\/div>\n\t\t<\/div>\n\t\t\t\t\t\t<\/div>\n\t\t\t\t<\/div>\n\t\t\t\t\t<\/div>\n\t\t<\/div>\n\t\t\t\t\t<\/div>\n\t\t<\/section>\n\t\t\t\t<section class=\"elementor-section elementor-top-section elementor-element elementor-element-5449315 elementor-section-boxed elementor-section-height-default elementor-section-height-default\" data-id=\"5449315\" data-element_type=\"section\">\n\t\t\t\t\t\t<div class=\"elementor-container elementor-column-gap-default\">\n\t\t\t\t\t<div class=\"elementor-column elementor-col-33 elementor-top-column elementor-element elementor-element-5e01314\" data-id=\"5e01314\" data-element_type=\"column\">\n\t\t\t<div class=\"elementor-widget-wrap elementor-element-populated\">\n\t\t\t\t\t\t<div class=\"elementor-element elementor-element-6ef1b9e elementor-position-top elementor-widget elementor-widget-image-box\" data-id=\"6ef1b9e\" data-element_type=\"widget\" data-widget_type=\"image-box.default\">\n\t\t\t\t<div class=\"elementor-widget-container\">\n\t\t\t\t\t<div class=\"elementor-image-box-wrapper\"><figure class=\"elementor-image-box-img\"><img fetchpriority=\"high\" decoding=\"async\" width=\"640\" height=\"512\" src=\"https:\/\/propeyresq.be\/wp-content\/uploads\/2021\/11\/image-1.jpg\" class=\"attachment-1536x1536 size-1536x1536 wp-image-1655\" alt=\"\" srcset=\"https:\/\/propeyresq.be\/wp-content\/uploads\/2021\/11\/image-1.jpg 640w, https:\/\/propeyresq.be\/wp-content\/uploads\/2021\/11\/image-1-300x240.jpg 300w\" sizes=\"(max-width: 640px) 100vw, 640px\" \/><\/figure><div class=\"elementor-image-box-content\"><h3 class=\"elementor-image-box-title\">Plage \u00e0 Saint-Andr\u00e9-Les-Alpes<\/h3><p class=\"elementor-image-box-description\">Cette plage am\u00e9nag\u00e9e aux abords du lac de Castillon aliment\u00e9 par le c\u00e9l\u00e8bre Verdon , saura satisfaire les petits et grands....de grandes pelouses vous accueilleront .....Vous pourrez pratiquer du bateau \u00e0 p\u00e9dales, du bateau \u00e0 moteur, du stand up paddle, du canoe\/kayak, du catamaran, de la voile, du d\u00e9riveur ou encore de la bou\u00e9e tract\u00e9e......ou simplement vous reposer et profiter du soleil du Parc Naturel R\u00e9gional du Verdon. <\/p><\/div><\/div>\t\t\t\t<\/div>\n\t\t\t\t<\/div>\n\t\t\t\t<div class=\"elementor-element elementor-element-14fe360 elementor-widget elementor-widget-google_maps\" data-id=\"14fe360\" data-element_type=\"widget\" data-widget_type=\"google_maps.default\">\n\t\t\t\t<div class=\"elementor-widget-container\">\n\t\t\t\t\t\t\t<div class=\"elementor-custom-embed\">\n\t\t\t<iframe loading=\"lazy\"\n\t\t\t\t\tsrc=\"https:\/\/maps.google.com\/maps?q=Plage%20lac%20Castillon%2C%20N202%2C%20Saint-Andr%C3%A9-les-Alpes%2C%20France&#038;t=m&#038;z=14&#038;output=embed&#038;iwloc=near\"\n\t\t\t\t\ttitle=\"Plage lac Castillon, N202, Saint-Andr\u00e9-les-Alpes, France\"\n\t\t\t\t\taria-label=\"Plage lac Castillon, N202, Saint-Andr\u00e9-les-Alpes, France\"\n\t\t\t><\/iframe>\n\t\t<\/div>\n\t\t\t\t\t\t<\/div>\n\t\t\t\t<\/div>\n\t\t\t\t\t<\/div>\n\t\t<\/div>\n\t\t\t\t<div class=\"elementor-column elementor-col-33 elementor-top-column elementor-element elementor-element-3d7cce6\" data-id=\"3d7cce6\" data-element_type=\"column\">\n\t\t\t<div class=\"elementor-widget-wrap elementor-element-populated\">\n\t\t\t\t\t\t<div class=\"elementor-element elementor-element-03ad1b5 elementor-position-top elementor-widget elementor-widget-image-box\" data-id=\"03ad1b5\" data-element_type=\"widget\" data-widget_type=\"image-box.default\">\n\t\t\t\t<div class=\"elementor-widget-container\">\n\t\t\t\t\t<div class=\"elementor-image-box-wrapper\"><figure class=\"elementor-image-box-img\"><img decoding=\"async\" width=\"500\" height=\"400\" src=\"https:\/\/propeyresq.be\/wp-content\/uploads\/2021\/11\/8877375-diaporama-2.jpg\" class=\"attachment-full size-full wp-image-1658\" alt=\"\" srcset=\"https:\/\/propeyresq.be\/wp-content\/uploads\/2021\/11\/8877375-diaporama-2.jpg 500w, https:\/\/propeyresq.be\/wp-content\/uploads\/2021\/11\/8877375-diaporama-2-300x240.jpg 300w\" sizes=\"(max-width: 500px) 100vw, 500px\" \/><\/figure><div class=\"elementor-image-box-content\"><h3 class=\"elementor-image-box-title\">La piscine communale d'Annot<\/h3><p class=\"elementor-image-box-description\">Chauff\u00e9e par panneaux solaires mais non couverte, la piscine dispose d\u2019un bassin de 25m et d\u2019une pataugeoire. \n\nSont propos\u00e9s cours de natation et d\u2019aquagym.<\/p><\/div><\/div>\t\t\t\t<\/div>\n\t\t\t\t<\/div>\n\t\t\t\t<div class=\"elementor-element elementor-element-7b9a956 elementor-widget elementor-widget-google_maps\" data-id=\"7b9a956\" data-element_type=\"widget\" data-widget_type=\"google_maps.default\">\n\t\t\t\t<div class=\"elementor-widget-container\">\n\t\t\t\t\t\t\t<div class=\"elementor-custom-embed\">\n\t\t\t<iframe loading=\"lazy\"\n\t\t\t\t\tsrc=\"https:\/\/maps.google.com\/maps?q=Promenade%20de%20Verimande%2C%20Annot%2C%20France&#038;t=m&#038;z=10&#038;output=embed&#038;iwloc=near\"\n\t\t\t\t\ttitle=\"Promenade de Verimande, Annot, France\"\n\t\t\t\t\taria-label=\"Promenade de Verimande, Annot, France\"\n\t\t\t><\/iframe>\n\t\t<\/div>\n\t\t\t\t\t\t<\/div>\n\t\t\t\t<\/div>\n\t\t\t\t\t<\/div>\n\t\t<\/div>\n\t\t\t\t<div class=\"elementor-column elementor-col-33 elementor-top-column elementor-element elementor-element-910315e\" data-id=\"910315e\" data-element_type=\"column\">\n\t\t\t<div class=\"elementor-widget-wrap elementor-element-populated\">\n\t\t\t\t\t\t<div class=\"elementor-element elementor-element-b3692a5 elementor-position-top elementor-widget elementor-widget-image-box\" data-id=\"b3692a5\" data-element_type=\"widget\" data-widget_type=\"image-box.default\">\n\t\t\t\t<div class=\"elementor-widget-container\">\n\t\t\t\t\t<div class=\"elementor-image-box-wrapper\"><figure class=\"elementor-image-box-img\"><img decoding=\"async\" width=\"2126\" height=\"1418\" src=\"https:\/\/propeyresq.be\/wp-content\/uploads\/2021\/11\/79118-parc_de_loisirs.jpg\" class=\"attachment-full size-full wp-image-1657\" alt=\"\" srcset=\"https:\/\/propeyresq.be\/wp-content\/uploads\/2021\/11\/79118-parc_de_loisirs.jpg 2126w, https:\/\/propeyresq.be\/wp-content\/uploads\/2021\/11\/79118-parc_de_loisirs-300x200.jpg 300w, https:\/\/propeyresq.be\/wp-content\/uploads\/2021\/11\/79118-parc_de_loisirs-1024x683.jpg 1024w, https:\/\/propeyresq.be\/wp-content\/uploads\/2021\/11\/79118-parc_de_loisirs-768x512.jpg 768w, https:\/\/propeyresq.be\/wp-content\/uploads\/2021\/11\/79118-parc_de_loisirs-1536x1024.jpg 1536w, https:\/\/propeyresq.be\/wp-content\/uploads\/2021\/11\/79118-parc_de_loisirs-2048x1366.jpg 2048w, https:\/\/propeyresq.be\/wp-content\/uploads\/2021\/11\/79118-parc_de_loisirs-360x240.jpg 360w\" sizes=\"(max-width: 2126px) 100vw, 2126px\" \/><\/figure><div class=\"elementor-image-box-content\"><h3 class=\"elementor-image-box-title\">Parc de loisir du Val d'Allos<\/h3><p class=\"elementor-image-box-description\">Dans un cadre de verdure exceptionnel, autour d' un plan d'eau de 15 000 m2 une multitude d'activit\u00e9s et d'installations s'offre \u00e0 chacun au parc de loisirs de Val d'Allos - le village.\nV\u00e9ritable oasis de fraicheur \u00e0 la montagne, le parc de loisirs est am\u00e9nag\u00e9 dans un \u00e9crin de montagne, il s'agit d'un lieu privil\u00e9gi\u00e9 pour passer un agr\u00e9able moment de d\u00e9tente et de loisirs.\n\nLe parc de loisirs, baign\u00e9 par le soleil des Alpes du Sud, est l'endroit id\u00e9al pour se rafraichir et prendre un bain... de soleil !<\/p><\/div><\/div>\t\t\t\t<\/div>\n\t\t\t\t<\/div>\n\t\t\t\t<div class=\"elementor-element elementor-element-e281cd5 elementor-widget elementor-widget-google_maps\" data-id=\"e281cd5\" data-element_type=\"widget\" data-widget_type=\"google_maps.default\">\n\t\t\t\t<div class=\"elementor-widget-container\">\n\t\t\t\t\t\t\t<div class=\"elementor-custom-embed\">\n\t\t\t<iframe loading=\"lazy\"\n\t\t\t\t\tsrc=\"https:\/\/maps.google.com\/maps?q=Parc%20de%20loisir%20du%20Val%20d%27Allos&#038;t=m&#038;z=10&#038;output=embed&#038;iwloc=near\"\n\t\t\t\t\ttitle=\"Parc de loisir du Val d&#039;Allos\"\n\t\t\t\t\taria-label=\"Parc de loisir du Val d&#039;Allos\"\n\t\t\t><\/iframe>\n\t\t<\/div>\n\t\t\t\t\t\t<\/div>\n\t\t\t\t<\/div>\n\t\t\t\t\t<\/div>\n\t\t<\/div>\n\t\t\t\t\t<\/div>\n\t\t<\/section>\n\t\t\t\t<\/div>\n\t\t","protected":false},"excerpt":{"rendered":"<p>Les activit\u00e9s d&rsquo;eau dans la r\u00e9gion Plage \u00e0 Saint-Andr\u00e9-Les-Alpes Cette plage am\u00e9nag\u00e9e aux abords du lac de Castillon aliment\u00e9 par le c\u00e9l\u00e8bre Verdon , saura satisfaire les petits et grands&#8230;.de grandes pelouses vous accueilleront &#8230;..Vous pourrez pratiquer du bateau \u00e0 p\u00e9dales, du bateau \u00e0 moteur, du stand up paddle, du [&hellip;]<\/p>\n","protected":false},"author":2,"featured_media":0,"parent":1185,"menu_order":4,"comment_status":"closed","ping_status":"closed","template":"page-templates\/template-fullwidth.php","meta":{"footnotes":""},"class_list":["post-1478","page","type-page","status-publish","hentry"],"post_mailing_queue_ids":[],"_links":{"self":[{"href":"https:\/\/propeyresq.be\/index.php?rest_route=\/wp\/v2\/pages\/1478","targetHints":{"allow":["GET"]}}],"collection":[{"href":"https:\/\/propeyresq.be\/index.php?rest_route=\/wp\/v2\/pages"}],"about":[{"href":"https:\/\/propeyresq.be\/index.php?rest_route=\/wp\/v2\/types\/page"}],"author":[{"embeddable":true,"href":"https:\/\/propeyresq.be\/index.php?rest_route=\/wp\/v2\/users\/2"}],"replies":[{"embeddable":true,"href":"https:\/\/propeyresq.be\/index.php?rest_route=%2Fwp%2Fv2%2Fcomments&post=1478"}],"version-history":[{"count":14,"href":"https:\/\/propeyresq.be\/index.php?rest_route=\/wp\/v2\/pages\/1478\/revisions"}],"predecessor-version":[{"id":1800,"href":"https:\/\/propeyresq.be\/index.php?rest_route=\/wp\/v2\/pages\/1478\/revisions\/1800"}],"up":[{"embeddable":true,"href":"https:\/\/propeyresq.be\/index.php?rest_route=\/wp\/v2\/pages\/1185"}],"wp:attachment":[{"href":"https:\/\/propeyresq.be\/index.php?rest_route=%2Fwp%2Fv2%2Fmedia&parent=1478"}],"curies":[{"name":"wp","href":"https:\/\/api.w.org\/{rel}","templated":true}]}}

Activités d&rsquo;eau

<div data-elementor-type="wp-page" data-elementor-id="1478" class="elementor elementor-1478">
						<section class="elementor-section elementor-top-section elementor-element elementor-element-7cd878f elementor-section-boxed elementor-section-height-default elementor-section-height-default" data-id="7cd878f" data-element_type="section">
						<div class="elementor-container elementor-column-gap-default">
					<div class="elementor-column elementor-col-100 elementor-top-column elementor-element elementor-element-53ed95d" data-id="53ed95d" data-element_type="column">
			<div class="elementor-widget-wrap elementor-element-populated">
						<div class="elementor-element elementor-element-af96910 elementor-widget elementor-widget-heading" data-id="af96910" data-element_type="widget" data-widget_type="heading.default">
				<div class="elementor-widget-container">
					<h1 class="elementor-heading-title elementor-size-default">Les activités d'eau dans la région</h1>				</div>
				</div>
					</div>
		</div>
					</div>
		</section>
				<section class="elementor-section elementor-top-section elementor-element elementor-element-0cb815b elementor-section-boxed elementor-section-height-default elementor-section-height-default" data-id="0cb815b" data-element_type="section">
						<div class="elementor-container elementor-column-gap-default">
					<div class="elementor-column elementor-col-100 elementor-top-column elementor-element elementor-element-d6a48c9" data-id="d6a48c9" data-element_type="column">
			<div class="elementor-widget-wrap elementor-element-populated">
						<div class="elementor-element elementor-element-e72d147 elementor-widget elementor-widget-spacer" data-id="e72d147" data-element_type="widget" data-widget_type="spacer.default">
				<div class="elementor-widget-container">
							<div class="elementor-spacer">
			<div class="elementor-spacer-inner"></div>
		</div>
						</div>
				</div>
					</div>
		</div>
					</div>
		</section>
				<section class="elementor-section elementor-top-section elementor-element elementor-element-5449315 elementor-section-boxed elementor-section-height-default elementor-section-height-default" data-id="5449315" data-element_type="section">
						<div class="elementor-container elementor-column-gap-default">
					<div class="elementor-column elementor-col-33 elementor-top-column elementor-element elementor-element-5e01314" data-id="5e01314" data-element_type="column">
			<div class="elementor-widget-wrap elementor-element-populated">
						<div class="elementor-element elementor-element-6ef1b9e elementor-position-top elementor-widget elementor-widget-image-box" data-id="6ef1b9e" data-element_type="widget" data-widget_type="image-box.default">
				<div class="elementor-widget-container">
					<div class="elementor-image-box-wrapper"><figure class="elementor-image-box-img"><img fetchpriority="high" decoding="async" width="640" height="512" src="https://propeyresq.be/wp-content/uploads/2021/11/image-1.jpg" class="attachment-1536x1536 size-1536x1536 wp-image-1655" alt="" srcset="https://propeyresq.be/wp-content/uploads/2021/11/image-1.jpg 640w, https://propeyresq.be/wp-content/uploads/2021/11/image-1-300x240.jpg 300w" sizes="(max-width: 640px) 100vw, 640px" /></figure><div class="elementor-image-box-content"><h3 class="elementor-image-box-title">Plage à Saint-André-Les-Alpes</h3><p class="elementor-image-box-description">Cette plage aménagée aux abords du lac de Castillon alimenté par le célèbre Verdon , saura satisfaire les petits et grands....de grandes pelouses vous accueilleront .....Vous pourrez pratiquer du bateau à pédales, du bateau à moteur, du stand up paddle, du canoe/kayak, du catamaran, de la voile, du dériveur ou encore de la bouée tractée......ou simplement vous reposer et profiter du soleil du Parc Naturel Régional du Verdon. </p></div></div>				</div>
				</div>
				<div class="elementor-element elementor-element-14fe360 elementor-widget elementor-widget-google_maps" data-id="14fe360" data-element_type="widget" data-widget_type="google_maps.default">
				<div class="elementor-widget-container">
							<div class="elementor-custom-embed">
			<iframe loading="lazy"
					src="https://maps.google.com/maps?q=Plage%20lac%20Castillon%2C%20N202%2C%20Saint-Andr%C3%A9-les-Alpes%2C%20France&#038;t=m&#038;z=14&#038;output=embed&#038;iwloc=near"
					title="Plage lac Castillon, N202, Saint-André-les-Alpes, France"
					aria-label="Plage lac Castillon, N202, Saint-André-les-Alpes, France"
			></iframe>
		</div>
						</div>
				</div>
					</div>
		</div>
				<div class="elementor-column elementor-col-33 elementor-top-column elementor-element elementor-element-3d7cce6" data-id="3d7cce6" data-element_type="column">
			<div class="elementor-widget-wrap elementor-element-populated">
						<div class="elementor-element elementor-element-03ad1b5 elementor-position-top elementor-widget elementor-widget-image-box" data-id="03ad1b5" data-element_type="widget" data-widget_type="image-box.default">
				<div class="elementor-widget-container">
					<div class="elementor-image-box-wrapper"><figure class="elementor-image-box-img"><img decoding="async" width="500" height="400" src="https://propeyresq.be/wp-content/uploads/2021/11/8877375-diaporama-2.jpg" class="attachment-full size-full wp-image-1658" alt="" srcset="https://propeyresq.be/wp-content/uploads/2021/11/8877375-diaporama-2.jpg 500w, https://propeyresq.be/wp-content/uploads/2021/11/8877375-diaporama-2-300x240.jpg 300w" sizes="(max-width: 500px) 100vw, 500px" /></figure><div class="elementor-image-box-content"><h3 class="elementor-image-box-title">La piscine communale d'Annot</h3><p class="elementor-image-box-description">Chauffée par panneaux solaires mais non couverte, la piscine dispose d’un bassin de 25m et d’une pataugeoire. 

Sont proposés cours de natation et d’aquagym.</p></div></div>				</div>
				</div>
				<div class="elementor-element elementor-element-7b9a956 elementor-widget elementor-widget-google_maps" data-id="7b9a956" data-element_type="widget" data-widget_type="google_maps.default">
				<div class="elementor-widget-container">
							<div class="elementor-custom-embed">
			<iframe loading="lazy"
					src="https://maps.google.com/maps?q=Promenade%20de%20Verimande%2C%20Annot%2C%20France&#038;t=m&#038;z=10&#038;output=embed&#038;iwloc=near"
					title="Promenade de Verimande, Annot, France"
					aria-label="Promenade de Verimande, Annot, France"
			></iframe>
		</div>
						</div>
				</div>
					</div>
		</div>
				<div class="elementor-column elementor-col-33 elementor-top-column elementor-element elementor-element-910315e" data-id="910315e" data-element_type="column">
			<div class="elementor-widget-wrap elementor-element-populated">
						<div class="elementor-element elementor-element-b3692a5 elementor-position-top elementor-widget elementor-widget-image-box" data-id="b3692a5" data-element_type="widget" data-widget_type="image-box.default">
				<div class="elementor-widget-container">
					<div class="elementor-image-box-wrapper"><figure class="elementor-image-box-img"><img decoding="async" width="2126" height="1418" src="https://propeyresq.be/wp-content/uploads/2021/11/79118-parc_de_loisirs.jpg" class="attachment-full size-full wp-image-1657" alt="" srcset="https://propeyresq.be/wp-content/uploads/2021/11/79118-parc_de_loisirs.jpg 2126w, https://propeyresq.be/wp-content/uploads/2021/11/79118-parc_de_loisirs-300x200.jpg 300w, https://propeyresq.be/wp-content/uploads/2021/11/79118-parc_de_loisirs-1024x683.jpg 1024w, https://propeyresq.be/wp-content/uploads/2021/11/79118-parc_de_loisirs-768x512.jpg 768w, https://propeyresq.be/wp-content/uploads/2021/11/79118-parc_de_loisirs-1536x1024.jpg 1536w, https://propeyresq.be/wp-content/uploads/2021/11/79118-parc_de_loisirs-2048x1366.jpg 2048w, https://propeyresq.be/wp-content/uploads/2021/11/79118-parc_de_loisirs-360x240.jpg 360w" sizes="(max-width: 2126px) 100vw, 2126px" /></figure><div class="elementor-image-box-content"><h3 class="elementor-image-box-title">Parc de loisir du Val d'Allos</h3><p class="elementor-image-box-description">Dans un cadre de verdure exceptionnel, autour d' un plan d'eau de 15 000 m2 une multitude d'activités et d'installations s'offre à chacun au parc de loisirs de Val d'Allos - le village.
Véritable oasis de fraicheur à la montagne, le parc de loisirs est aménagé dans un écrin de montagne, il s'agit d'un lieu privilégié pour passer un agréable moment de détente et de loisirs.

Le parc de loisirs, baigné par le soleil des Alpes du Sud, est l'endroit idéal pour se rafraichir et prendre un bain... de soleil !</p></div></div>				</div>
				</div>
				<div class="elementor-element elementor-element-e281cd5 elementor-widget elementor-widget-google_maps" data-id="e281cd5" data-element_type="widget" data-widget_type="google_maps.default">
				<div class="elementor-widget-container">
							<div class="elementor-custom-embed">
			<iframe loading="lazy"
					src="https://maps.google.com/maps?q=Parc%20de%20loisir%20du%20Val%20d%27Allos&#038;t=m&#038;z=10&#038;output=embed&#038;iwloc=near"
					title="Parc de loisir du Val d&#039;Allos"
					aria-label="Parc de loisir du Val d&#039;Allos"
			></iframe>
		</div>
						</div>
				</div>
					</div>
		</div>
					</div>
		</section>
				</div>

<p>Les activités d&rsquo;eau dans la région Plage à Saint-André-Les-Alpes Cette plage aménagée aux abords du lac de Castillon alimenté par le célèbre Verdon , saura satisfaire les petits et grands&#8230;.de grandes pelouses vous accueilleront &#8230;..Vous pourrez pratiquer du bateau à pédales, du bateau à moteur, du stand up paddle, du [&hellip;]</p>
