{"id":1419,"date":"2021-11-06T17:56:48","date_gmt":"2021-11-06T15:56:48","guid":{"rendered":"http:\/\/wptest.propeyresq.be\/?page_id=1419"},"modified":"2022-03-27T11:37:06","modified_gmt":"2022-03-27T09:37:06","slug":"randonnees","status":"publish","type":"page","link":"https:\/\/propeyresq.be\/?page_id=1419","title":{"rendered":"Randonn\u00e9es"},"content":{"rendered":"\t\t<div data-elementor-type=\"wp-page\" data-elementor-id=\"1419\" class=\"elementor elementor-1419\">\n\t\t\t\t\t\t<section class=\"elementor-section elementor-top-section elementor-element elementor-element-dbb1744 elementor-section-boxed elementor-section-height-default elementor-section-height-default\" data-id=\"dbb1744\" data-element_type=\"section\">\n\t\t\t\t\t\t<div class=\"elementor-container elementor-column-gap-default\">\n\t\t\t\t\t<div class=\"elementor-column elementor-col-100 elementor-top-column elementor-element elementor-element-2ac942d\" data-id=\"2ac942d\" data-element_type=\"column\">\n\t\t\t<div class=\"elementor-widget-wrap elementor-element-populated\">\n\t\t\t\t\t\t<div class=\"elementor-element elementor-element-01a8ede elementor-widget elementor-widget-heading\" data-id=\"01a8ede\" data-element_type=\"widget\" data-widget_type=\"heading.default\">\n\t\t\t\t<div class=\"elementor-widget-container\">\n\t\t\t\t\t<h2 class=\"elementor-heading-title elementor-size-default\">Les randonn\u00e9es autour et alentours de Peyresq<\/h2>\t\t\t\t<\/div>\n\t\t\t\t<\/div>\n\t\t\t\t\t<\/div>\n\t\t<\/div>\n\t\t\t\t\t<\/div>\n\t\t<\/section>\n\t\t\t\t<section class=\"elementor-section elementor-top-section elementor-element elementor-element-2e6d1b6 elementor-section-boxed elementor-section-height-default elementor-section-height-default\" data-id=\"2e6d1b6\" data-element_type=\"section\">\n\t\t\t\t\t\t<div class=\"elementor-container elementor-column-gap-default\">\n\t\t\t\t\t<div class=\"elementor-column elementor-col-100 elementor-top-column elementor-element elementor-element-9ef6496\" data-id=\"9ef6496\" data-element_type=\"column\">\n\t\t\t<div class=\"elementor-widget-wrap elementor-element-populated\">\n\t\t\t\t\t\t<section class=\"elementor-section elementor-inner-section elementor-element elementor-element-13cc342 elementor-section-boxed elementor-section-height-default elementor-section-height-default\" data-id=\"13cc342\" data-element_type=\"section\">\n\t\t\t\t\t\t<div class=\"elementor-container elementor-column-gap-default\">\n\t\t\t\t\t<div class=\"elementor-column elementor-col-50 elementor-inner-column elementor-element elementor-element-6431d39\" data-id=\"6431d39\" data-element_type=\"column\">\n\t\t\t<div class=\"elementor-widget-wrap elementor-element-populated\">\n\t\t\t\t\t\t<div class=\"elementor-element elementor-element-81ad21e elementor-drop-cap-yes elementor-drop-cap-view-default elementor-widget elementor-widget-text-editor\" data-id=\"81ad21e\" data-element_type=\"widget\" data-settings=\"{&quot;drop_cap&quot;:&quot;yes&quot;}\" data-widget_type=\"text-editor.default\">\n\t\t\t\t<div class=\"elementor-widget-container\">\n\t\t\t\t\t\t\t\t\t<p>De l\u2019escapade de quelques heures \u00e0 la randonn\u00e9e de plusieurs jours, avec bivouacs ou logement en cabane\u2026 Vers un lac de montagne ou sur un sommet sauvage, \u00e0 la d\u00e9couverte de la flore alpine ou \u00e0 la rencontre de la vie du berger proven\u00e7al dans les p\u00e2turages d\u2019altitude, des animateurs ayant une connaissance du site proposent, hors des sentiers battus, des excursions qui laissent dans les m\u00e9moires des traces ind\u00e9l\u00e9biles. De bonnes chaussures de randonn\u00e9e sont indispensables !<\/p>\t\t\t\t\t\t\t\t<\/div>\n\t\t\t\t<\/div>\n\t\t\t\t<div class=\"elementor-element elementor-element-26db817 elementor-view-default elementor-widget elementor-widget-icon\" data-id=\"26db817\" data-element_type=\"widget\" data-widget_type=\"icon.default\">\n\t\t\t\t<div class=\"elementor-widget-container\">\n\t\t\t\t\t\t\t<div class=\"elementor-icon-wrapper\">\n\t\t\t<div class=\"elementor-icon\">\n\t\t\t<i aria-hidden=\"true\" class=\"fas fa-hiking\"><\/i>\t\t\t<\/div>\n\t\t<\/div>\n\t\t\t\t\t\t<\/div>\n\t\t\t\t<\/div>\n\t\t\t\t\t<\/div>\n\t\t<\/div>\n\t\t\t\t<div class=\"elementor-column elementor-col-50 elementor-inner-column elementor-element elementor-element-0b202ac\" data-id=\"0b202ac\" data-element_type=\"column\">\n\t\t\t<div class=\"elementor-widget-wrap elementor-element-populated\">\n\t\t\t\t\t\t<div class=\"elementor-element elementor-element-561149f elementor-widget elementor-widget-image\" data-id=\"561149f\" data-element_type=\"widget\" data-widget_type=\"image.default\">\n\t\t\t\t<div class=\"elementor-widget-container\">\n\t\t\t\t\t\t\t\t\t\t\t\t\t\t\t<img fetchpriority=\"high\" decoding=\"async\" width=\"200\" height=\"300\" src=\"https:\/\/propeyresq.be\/wp-content\/uploads\/2021\/11\/IMG_0118-200x300.jpg\" class=\"attachment-medium size-medium wp-image-1590\" alt=\"\" srcset=\"https:\/\/propeyresq.be\/wp-content\/uploads\/2021\/11\/IMG_0118-200x300.jpg 200w, https:\/\/propeyresq.be\/wp-content\/uploads\/2021\/11\/IMG_0118-683x1024.jpg 683w, https:\/\/propeyresq.be\/wp-content\/uploads\/2021\/11\/IMG_0118-768x1152.jpg 768w, https:\/\/propeyresq.be\/wp-content\/uploads\/2021\/11\/IMG_0118-1024x1536.jpg 1024w, https:\/\/propeyresq.be\/wp-content\/uploads\/2021\/11\/IMG_0118-1365x2048.jpg 1365w, https:\/\/propeyresq.be\/wp-content\/uploads\/2021\/11\/IMG_0118-scaled.jpg 1707w\" sizes=\"(max-width: 200px) 100vw, 200px\" \/>\t\t\t\t\t\t\t\t\t\t\t\t\t\t\t<\/div>\n\t\t\t\t<\/div>\n\t\t\t\t\t<\/div>\n\t\t<\/div>\n\t\t\t\t\t<\/div>\n\t\t<\/section>\n\t\t\t\t\t<\/div>\n\t\t<\/div>\n\t\t\t\t\t<\/div>\n\t\t<\/section>\n\t\t\t\t<\/div>\n\t\t","protected":false},"excerpt":{"rendered":"<p>Les randonn\u00e9es autour et alentours de Peyresq De l\u2019escapade de quelques heures \u00e0 la randonn\u00e9e de plusieurs jours, avec bivouacs ou logement en cabane\u2026 Vers un lac de montagne ou sur un sommet sauvage, \u00e0 la d\u00e9couverte de la flore alpine ou \u00e0 la rencontre de la vie du berger [&hellip;]<\/p>\n","protected":false},"author":2,"featured_media":0,"parent":1185,"menu_order":2,"comment_status":"closed","ping_status":"closed","template":"page-templates\/template-fullwidth.php","meta":{"footnotes":""},"class_list":["post-1419","page","type-page","status-publish","hentry"],"post_mailing_queue_ids":[],"_links":{"self":[{"href":"https:\/\/propeyresq.be\/index.php?rest_route=\/wp\/v2\/pages\/1419","targetHints":{"allow":["GET"]}}],"collection":[{"href":"https:\/\/propeyresq.be\/index.php?rest_route=\/wp\/v2\/pages"}],"about":[{"href":"https:\/\/propeyresq.be\/index.php?rest_route=\/wp\/v2\/types\/page"}],"author":[{"embeddable":true,"href":"https:\/\/propeyresq.be\/index.php?rest_route=\/wp\/v2\/users\/2"}],"replies":[{"embeddable":true,"href":"https:\/\/propeyresq.be\/index.php?rest_route=%2Fwp%2Fv2%2Fcomments&post=1419"}],"version-history":[{"count":7,"href":"https:\/\/propeyresq.be\/index.php?rest_route=\/wp\/v2\/pages\/1419\/revisions"}],"predecessor-version":[{"id":1810,"href":"https:\/\/propeyresq.be\/index.php?rest_route=\/wp\/v2\/pages\/1419\/revisions\/1810"}],"up":[{"embeddable":true,"href":"https:\/\/propeyresq.be\/index.php?rest_route=\/wp\/v2\/pages\/1185"}],"wp:attachment":[{"href":"https:\/\/propeyresq.be\/index.php?rest_route=%2Fwp%2Fv2%2Fmedia&parent=1419"}],"curies":[{"name":"wp","href":"https:\/\/api.w.org\/{rel}","templated":true}]}}