{"id":1180,"date":"2008-01-10T21:12:33","date_gmt":"2008-01-10T20:12:33","guid":{"rendered":"http:\/\/www.propeyresq.be\/fr\/?page_id=5"},"modified":"2023-05-11T18:35:02","modified_gmt":"2023-05-11T16:35:02","slug":"le-village-de-peyresq","status":"publish","type":"page","link":"https:\/\/propeyresq.be\/?page_id=1180","title":{"rendered":"Le village"},"content":{"rendered":"\t\t<div data-elementor-type=\"wp-page\" data-elementor-id=\"1180\" class=\"elementor elementor-1180\">\n\t\t\t\t\t\t<section class=\"elementor-section elementor-top-section elementor-element elementor-element-9fff179 elementor-section-boxed elementor-section-height-default elementor-section-height-default\" data-id=\"9fff179\" data-element_type=\"section\">\n\t\t\t\t\t\t<div class=\"elementor-container elementor-column-gap-default\">\n\t\t\t\t\t<div class=\"elementor-column elementor-col-100 elementor-top-column elementor-element elementor-element-048eacc\" data-id=\"048eacc\" data-element_type=\"column\">\n\t\t\t<div class=\"elementor-widget-wrap elementor-element-populated\">\n\t\t\t\t\t\t<div class=\"elementor-element elementor-element-dca30f5 elementor-widget elementor-widget-video\" data-id=\"dca30f5\" data-element_type=\"widget\" data-settings=\"{&quot;youtube_url&quot;:&quot;https:\\\/\\\/www.youtube.com\\\/watch?v=xze9EEIpzYk&quot;,&quot;autoplay&quot;:&quot;yes&quot;,&quot;play_on_mobile&quot;:&quot;yes&quot;,&quot;mute&quot;:&quot;yes&quot;,&quot;video_type&quot;:&quot;youtube&quot;,&quot;controls&quot;:&quot;yes&quot;}\" data-widget_type=\"video.default\">\n\t\t\t\t<div class=\"elementor-widget-container\">\n\t\t\t\t\t\t\t<div class=\"elementor-wrapper elementor-open-inline\">\n\t\t\t<div class=\"elementor-video\"><\/div>\t\t<\/div>\n\t\t\t\t\t\t<\/div>\n\t\t\t\t<\/div>\n\t\t\t\t\t<\/div>\n\t\t<\/div>\n\t\t\t\t\t<\/div>\n\t\t<\/section>\n\t\t\t\t<section class=\"elementor-section elementor-top-section elementor-element elementor-element-1e8cda5 elementor-section-boxed elementor-section-height-default elementor-section-height-default\" data-id=\"1e8cda5\" data-element_type=\"section\">\n\t\t\t\t\t\t<div class=\"elementor-container elementor-column-gap-default\">\n\t\t\t\t\t<div class=\"elementor-column elementor-col-100 elementor-top-column elementor-element elementor-element-54aa1d3\" data-id=\"54aa1d3\" data-element_type=\"column\">\n\t\t\t<div class=\"elementor-widget-wrap elementor-element-populated\">\n\t\t\t\t\t\t<div class=\"elementor-element elementor-element-80e6a79 elementor-widget elementor-widget-text-editor\" data-id=\"80e6a79\" data-element_type=\"widget\" data-widget_type=\"text-editor.default\">\n\t\t\t\t<div class=\"elementor-widget-container\">\n\t\t\t\t\t\t\t\t\t<p>Vous voici arriv\u00e9.e.s au bout du chemin &#8230;&#8230;<\/p><p>Et ce n&rsquo;est pas une image :<\/p><p>Apr\u00e8s Peyresq, plus de route, seulement la montagne, la nature,\u00a0et des chemins balis\u00e9s, des moutons, des oiseaux,\u00a0l&rsquo;odeur du thym, de la sarriette,\u00a0le ciel, tout bleu, qui peut se couvrir si vite, \u00e9clater, rebleuir,\u00a0le soleil dur sur les rochers&#8230;<\/p><p>Il vous a fallu de l&rsquo;imagination, de la d\u00e9termination, voire de l&rsquo;obstination pour arriver jusqu&rsquo;ici.<\/p><p><strong>Vous voil\u00e0, c&rsquo;est l&rsquo;essentiel ! Soyez les bienvenu.e.s !<\/strong><\/p><p>De la route en corniche, qui s&rsquo;arr\u00eate sous les tilleuls de la place, on remarque \u00e0 peine les maisons de pierre rude adoss\u00e9es \u00e0 la montagne.<\/p><p>Des \u00e9tudiants et d&rsquo;anciens \u00e9tudiants, venus d&rsquo;universit\u00e9s et d&rsquo;\u00e9coles des beaux-arts, group\u00e9s au sein de l&rsquo;association sans but lucratif \u00abPro Peyresq\u00bb, cr\u00e9\u00e9e en 1954, ont reb\u00e2ti ce \u00abbout du monde\u00bb dans un environnement sauvage en respectant la beaut\u00e9 du site, les traditions locales, l&rsquo;architecture et la rusticit\u00e9 du lieu.<\/p><p>Pour rappeler les objectifs culturels de l&rsquo;entreprise, chaque maison reconstruite re\u00e7ut le nom d&rsquo;un artiste, d&rsquo;un savant, d&rsquo;un humaniste, d&rsquo;un philanthrope.<\/p><p>Aujourd&rsquo;hui, le village de Peyresq est devenu un centre de rencontres artistiques, scientifiques, philosophiques, mais aussi un lieu de vacances actives, riches d&rsquo;exp\u00e9riences, d&rsquo;aventures, de d\u00e9couvertes. Outre le d\u00e9paysement, le retour aux sources, tou.te.s ont l&rsquo;occasion de se livrer \u00e0 des activit\u00e9s artistiques ou manuelles parfois difficiles d&rsquo;approche le reste de l&rsquo;ann\u00e9e. Deux asbl se partagent l&rsquo;organisation des activit\u00e9s, en toute compl\u00e9mentarit\u00e9 et collaboration: Pro Peyresq asbl et <a href=\"https:\/\/www.peiresc.org\" target=\"_blank\" rel=\"noopener\">Nicolas-Claude Fabri de Peyresq<\/a>. Cr\u00e9ation, travail, sport, d\u00e9tente trouvent leur \u00e9quilibre sous le soleil peyrescan.<\/p><p>Tonifiant comme tout climat de montagne, celui de Peyresq n&rsquo;en a pas les rigueurs. Le voisinage de la M\u00e9diterran\u00e9e lui vaut souvent un ciel limpide et lumineux. La puret\u00e9 de l&rsquo;air, la qualit\u00e9 du silence, l&rsquo;aspect brut des vieilles pierres, la puissance de s\u00e9duction des paysages g\u00e9n\u00e8rent et scellent de mani\u00e8re inexplicable certaines ententes secr\u00e8tes entre les Peyrescans.<\/p><p>Mais tous les charmes n&rsquo;ont pas \u00e9t\u00e9 d\u00e9voil\u00e9s&#8230;<\/p>\t\t\t\t\t\t\t\t<\/div>\n\t\t\t\t<\/div>\n\t\t\t\t\t<\/div>\n\t\t<\/div>\n\t\t\t\t\t<\/div>\n\t\t<\/section>\n\t\t\t\t<\/div>\n\t\t","protected":false},"excerpt":{"rendered":"<p>https:\/\/www.youtube.com\/watch?v=xze9EEIpzYk Vous voici arriv\u00e9.e.s au bout du chemin &#8230;&#8230; Et ce n&rsquo;est pas une image : Apr\u00e8s Peyresq, plus de route, seulement la montagne, la nature,\u00a0et des chemins balis\u00e9s, des moutons, des oiseaux,\u00a0l&rsquo;odeur du thym, de la sarriette,\u00a0le ciel, tout bleu, qui peut se couvrir si vite, \u00e9clater, rebleuir,\u00a0le soleil [&hellip;]<\/p>\n","protected":false},"author":2,"featured_media":0,"parent":0,"menu_order":0,"comment_status":"closed","ping_status":"closed","template":"page-templates\/template-fullwidth.php","meta":{"footnotes":""},"class_list":["post-1180","page","type-page","status-publish","hentry"],"post_mailing_queue_ids":[],"_links":{"self":[{"href":"https:\/\/propeyresq.be\/index.php?rest_route=\/wp\/v2\/pages\/1180","targetHints":{"allow":["GET"]}}],"collection":[{"href":"https:\/\/propeyresq.be\/index.php?rest_route=\/wp\/v2\/pages"}],"about":[{"href":"https:\/\/propeyresq.be\/index.php?rest_route=\/wp\/v2\/types\/page"}],"author":[{"embeddable":true,"href":"https:\/\/propeyresq.be\/index.php?rest_route=\/wp\/v2\/users\/2"}],"replies":[{"embeddable":true,"href":"https:\/\/propeyresq.be\/index.php?rest_route=%2Fwp%2Fv2%2Fcomments&post=1180"}],"version-history":[{"count":14,"href":"https:\/\/propeyresq.be\/index.php?rest_route=\/wp\/v2\/pages\/1180\/revisions"}],"predecessor-version":[{"id":2410,"href":"https:\/\/propeyresq.be\/index.php?rest_route=\/wp\/v2\/pages\/1180\/revisions\/2410"}],"wp:attachment":[{"href":"https:\/\/propeyresq.be\/index.php?rest_route=%2Fwp%2Fv2%2Fmedia&parent=1180"}],"curies":[{"name":"wp","href":"https:\/\/api.w.org\/{rel}","templated":true}]}}

<div data-elementor-type="wp-page" data-elementor-id="1180" class="elementor elementor-1180">
						<section class="elementor-section elementor-top-section elementor-element elementor-element-9fff179 elementor-section-boxed elementor-section-height-default elementor-section-height-default" data-id="9fff179" data-element_type="section">
						<div class="elementor-container elementor-column-gap-default">
					<div class="elementor-column elementor-col-100 elementor-top-column elementor-element elementor-element-048eacc" data-id="048eacc" data-element_type="column">
			<div class="elementor-widget-wrap elementor-element-populated">
						<div class="elementor-element elementor-element-dca30f5 elementor-widget elementor-widget-video" data-id="dca30f5" data-element_type="widget" data-settings="{&quot;youtube_url&quot;:&quot;https:\/\/www.youtube.com\/watch?v=xze9EEIpzYk&quot;,&quot;autoplay&quot;:&quot;yes&quot;,&quot;play_on_mobile&quot;:&quot;yes&quot;,&quot;mute&quot;:&quot;yes&quot;,&quot;video_type&quot;:&quot;youtube&quot;,&quot;controls&quot;:&quot;yes&quot;}" data-widget_type="video.default">
				<div class="elementor-widget-container">
							<div class="elementor-wrapper elementor-open-inline">
			<div class="elementor-video"></div>		</div>
						</div>
				</div>
					</div>
		</div>
					</div>
		</section>
				<section class="elementor-section elementor-top-section elementor-element elementor-element-1e8cda5 elementor-section-boxed elementor-section-height-default elementor-section-height-default" data-id="1e8cda5" data-element_type="section">
						<div class="elementor-container elementor-column-gap-default">
					<div class="elementor-column elementor-col-100 elementor-top-column elementor-element elementor-element-54aa1d3" data-id="54aa1d3" data-element_type="column">
			<div class="elementor-widget-wrap elementor-element-populated">
						<div class="elementor-element elementor-element-80e6a79 elementor-widget elementor-widget-text-editor" data-id="80e6a79" data-element_type="widget" data-widget_type="text-editor.default">
				<div class="elementor-widget-container">
									<p>Vous voici arrivé.e.s au bout du chemin &#8230;&#8230;</p><p>Et ce n&rsquo;est pas une image :</p><p>Après Peyresq, plus de route, seulement la montagne, la nature, et des chemins balisés, des moutons, des oiseaux, l&rsquo;odeur du thym, de la sarriette, le ciel, tout bleu, qui peut se couvrir si vite, éclater, rebleuir, le soleil dur sur les rochers&#8230;</p><p>Il vous a fallu de l&rsquo;imagination, de la détermination, voire de l&rsquo;obstination pour arriver jusqu&rsquo;ici.</p><p><strong>Vous voilà, c&rsquo;est l&rsquo;essentiel ! Soyez les bienvenu.e.s !</strong></p><p>De la route en corniche, qui s&rsquo;arrête sous les tilleuls de la place, on remarque à peine les maisons de pierre rude adossées à la montagne.</p><p>Des étudiants et d&rsquo;anciens étudiants, venus d&rsquo;universités et d&rsquo;écoles des beaux-arts, groupés au sein de l&rsquo;association sans but lucratif «Pro Peyresq», créée en 1954, ont rebâti ce «bout du monde» dans un environnement sauvage en respectant la beauté du site, les traditions locales, l&rsquo;architecture et la rusticité du lieu.</p><p>Pour rappeler les objectifs culturels de l&rsquo;entreprise, chaque maison reconstruite reçut le nom d&rsquo;un artiste, d&rsquo;un savant, d&rsquo;un humaniste, d&rsquo;un philanthrope.</p><p>Aujourd&rsquo;hui, le village de Peyresq est devenu un centre de rencontres artistiques, scientifiques, philosophiques, mais aussi un lieu de vacances actives, riches d&rsquo;expériences, d&rsquo;aventures, de découvertes. Outre le dépaysement, le retour aux sources, tou.te.s ont l&rsquo;occasion de se livrer à des activités artistiques ou manuelles parfois difficiles d&rsquo;approche le reste de l&rsquo;année. Deux asbl se partagent l&rsquo;organisation des activités, en toute complémentarité et collaboration: Pro Peyresq asbl et <a href="https://www.peiresc.org" target="_blank" rel="noopener">Nicolas-Claude Fabri de Peyresq</a>. Création, travail, sport, détente trouvent leur équilibre sous le soleil peyrescan.</p><p>Tonifiant comme tout climat de montagne, celui de Peyresq n&rsquo;en a pas les rigueurs. Le voisinage de la Méditerranée lui vaut souvent un ciel limpide et lumineux. La pureté de l&rsquo;air, la qualité du silence, l&rsquo;aspect brut des vieilles pierres, la puissance de séduction des paysages génèrent et scellent de manière inexplicable certaines ententes secrètes entre les Peyrescans.</p><p>Mais tous les charmes n&rsquo;ont pas été dévoilés&#8230;</p>								</div>
				</div>
					</div>
		</div>
					</div>
		</section>
				</div>

<p>https://www.youtube.com/watch?v=xze9EEIpzYk Vous voici arrivé.e.s au bout du chemin &#8230;&#8230; Et ce n&rsquo;est pas une image : Après Peyresq, plus de route, seulement la montagne, la nature, et des chemins balisés, des moutons, des oiseaux, l&rsquo;odeur du thym, de la sarriette, le ciel, tout bleu, qui peut se couvrir si vite, éclater, rebleuir, le soleil [&hellip;]</p>
