{"id":1062,"date":"2021-04-28T10:02:53","date_gmt":"2021-04-28T08:02:53","guid":{"rendered":"https:\/\/www.propeyresq.be\/site\/?page_id=1062"},"modified":"2022-04-23T11:09:02","modified_gmt":"2022-04-23T09:09:02","slug":"sejour-a-peyresq-en-2021","status":"publish","type":"page","link":"https:\/\/propeyresq.be\/?page_id=1062","title":{"rendered":"S\u00e9jour \u00e0 Peyresq"},"content":{"rendered":"\t\t<div data-elementor-type=\"wp-page\" data-elementor-id=\"1062\" class=\"elementor elementor-1062\">\n\t\t\t\t\t\t<section class=\"elementor-section elementor-top-section elementor-element elementor-element-e24b826 elementor-section-boxed elementor-section-height-default elementor-section-height-default\" data-id=\"e24b826\" data-element_type=\"section\">\n\t\t\t\t\t\t<div class=\"elementor-container elementor-column-gap-default\">\n\t\t\t\t\t<div class=\"elementor-column elementor-col-100 elementor-top-column elementor-element elementor-element-a497995\" data-id=\"a497995\" data-element_type=\"column\">\n\t\t\t<div class=\"elementor-widget-wrap elementor-element-populated\">\n\t\t\t\t\t\t<div class=\"elementor-element elementor-element-75543cb elementor-widget elementor-widget-heading\" data-id=\"75543cb\" data-element_type=\"widget\" data-widget_type=\"heading.default\">\n\t\t\t\t<div class=\"elementor-widget-container\">\n\t\t\t\t\t<h1 class=\"elementor-heading-title elementor-size-default\">S\u00e9journer au village dans nos infrastructures<\/h1>\t\t\t\t<\/div>\n\t\t\t\t<\/div>\n\t\t\t\t\t<\/div>\n\t\t<\/div>\n\t\t\t\t\t<\/div>\n\t\t<\/section>\n\t\t\t\t<section class=\"elementor-section elementor-top-section elementor-element elementor-element-a03c692 elementor-section-boxed elementor-section-height-default elementor-section-height-default\" data-id=\"a03c692\" data-element_type=\"section\">\n\t\t\t\t\t\t<div class=\"elementor-container elementor-column-gap-default\">\n\t\t\t\t\t<div class=\"elementor-column elementor-col-100 elementor-top-column elementor-element elementor-element-b4cc48b\" data-id=\"b4cc48b\" data-element_type=\"column\">\n\t\t\t<div class=\"elementor-widget-wrap elementor-element-populated\">\n\t\t\t\t\t\t<div class=\"elementor-element elementor-element-8616b5d elementor-widget-divider--view-line elementor-widget elementor-widget-divider\" data-id=\"8616b5d\" data-element_type=\"widget\" data-widget_type=\"divider.default\">\n\t\t\t\t<div class=\"elementor-widget-container\">\n\t\t\t\t\t\t\t<div class=\"elementor-divider\">\n\t\t\t<span class=\"elementor-divider-separator\">\n\t\t\t\t\t\t<\/span>\n\t\t<\/div>\n\t\t\t\t\t\t<\/div>\n\t\t\t\t<\/div>\n\t\t\t\t\t<\/div>\n\t\t<\/div>\n\t\t\t\t\t<\/div>\n\t\t<\/section>\n\t\t\t\t<section class=\"elementor-section elementor-top-section elementor-element elementor-element-8b68ee9 elementor-section-boxed elementor-section-height-default elementor-section-height-default\" data-id=\"8b68ee9\" data-element_type=\"section\">\n\t\t\t\t\t\t<div class=\"elementor-container elementor-column-gap-default\">\n\t\t\t\t\t<div class=\"elementor-column elementor-col-50 elementor-top-column elementor-element elementor-element-fc7c096\" data-id=\"fc7c096\" data-element_type=\"column\">\n\t\t\t<div class=\"elementor-widget-wrap elementor-element-populated\">\n\t\t\t\t\t\t<div class=\"elementor-element elementor-element-d2b6ddc elementor-drop-cap-yes elementor-drop-cap-view-default elementor-widget elementor-widget-text-editor\" data-id=\"d2b6ddc\" data-element_type=\"widget\" data-settings=\"{&quot;drop_cap&quot;:&quot;yes&quot;}\" data-widget_type=\"text-editor.default\">\n\t\t\t\t<div class=\"elementor-widget-container\">\n\t\t\t\t\t\t\t\t\t<p>L\u2019A.S.B.L. offre \u00e0 ses membres des \u00ab\u00a0services\u00a0\u00bb lors de leur s\u00e9jour au village\u00a0: un h\u00e9bergement \u00e0 prix d\u00e9mocratique, un restaurant communautaire, un bar, des animations, des activit\u00e9s et parfois des stages organis\u00e9s.<\/p>\n<p><\/p>\n<p>Si la participation au projet et \u00e0 l\u2019organisation b\u00e9n\u00e9vole doit rester la premi\u00e8re motivation de tous les membres, chacun d\u2019eux est aussi en vacances lors de son passage au village. Personne n\u2019est donc \u00ab\u00a0au service\u00a0\u00bb des autres s\u00e9journants, y compris les \u00e9quipes s\u2019occupant des aspects pratiques (h\u00e9bergement, restaurant,\u2026). Chaque membre est \u00e9galement invit\u00e9 \u00e0 prendre part au dressage des tables et \u00e0 la vaisselle, au moins une fois par semaine.<\/p>\n<p><\/p>\n<p>La vie peyrescane se veut \u00e0 la fois communautaire et libre. Les repas, en particulier le d\u00eener du soir, sont pris ensemble au restaurant \u00e0 heures fixes. Le bar est le lieu de passage incontournable de la convivialit\u00e9 et de la d\u00e9tente entre tous les s\u00e9journants. Les chambres quant \u00e0 elles, sont r\u00e9parties dans les maisons de PRO PEYRESQ ou celles mises \u00e0 disposition par les associations partenaires.<\/p>\n<p><\/p>\n<p>Hormis cette partie de la vie peyrescane \u00e0 caract\u00e8re communautaire, tout le reste fait partie des choix du participant\u00a0: activit\u00e9s collectives et animations de groupe ou occupations individuelles et familiales.<\/p>\n<p><\/p>\n<p><\/p>\t\t\t\t\t\t\t\t<\/div>\n\t\t\t\t<\/div>\n\t\t\t\t\t<\/div>\n\t\t<\/div>\n\t\t\t\t<div class=\"elementor-column elementor-col-50 elementor-top-column elementor-element elementor-element-e66130d\" data-id=\"e66130d\" data-element_type=\"column\">\n\t\t\t<div class=\"elementor-widget-wrap elementor-element-populated\">\n\t\t\t\t\t\t<div class=\"elementor-element elementor-element-964afeb elementor-widget elementor-widget-image\" data-id=\"964afeb\" data-element_type=\"widget\" data-widget_type=\"image.default\">\n\t\t\t\t<div class=\"elementor-widget-container\">\n\t\t\t\t\t\t\t\t\t\t\t\t\t\t\t<img fetchpriority=\"high\" decoding=\"async\" width=\"750\" height=\"579\" src=\"https:\/\/propeyresq.be\/wp-content\/uploads\/2022\/03\/4E38D55A-CE1A-45C8-98AC-ADB937790182-1024x791.jpeg\" class=\"attachment-large size-large wp-image-1779\" alt=\"\" srcset=\"https:\/\/propeyresq.be\/wp-content\/uploads\/2022\/03\/4E38D55A-CE1A-45C8-98AC-ADB937790182-1024x791.jpeg 1024w, https:\/\/propeyresq.be\/wp-content\/uploads\/2022\/03\/4E38D55A-CE1A-45C8-98AC-ADB937790182-300x232.jpeg 300w, https:\/\/propeyresq.be\/wp-content\/uploads\/2022\/03\/4E38D55A-CE1A-45C8-98AC-ADB937790182-768x594.jpeg 768w, https:\/\/propeyresq.be\/wp-content\/uploads\/2022\/03\/4E38D55A-CE1A-45C8-98AC-ADB937790182-1536x1187.jpeg 1536w, https:\/\/propeyresq.be\/wp-content\/uploads\/2022\/03\/4E38D55A-CE1A-45C8-98AC-ADB937790182-2048x1583.jpeg 2048w\" sizes=\"(max-width: 750px) 100vw, 750px\" \/>\t\t\t\t\t\t\t\t\t\t\t\t\t\t\t<\/div>\n\t\t\t\t<\/div>\n\t\t\t\t\t<\/div>\n\t\t<\/div>\n\t\t\t\t\t<\/div>\n\t\t<\/section>\n\t\t\t\t<section class=\"elementor-section elementor-top-section elementor-element elementor-element-e8c1892 elementor-section-boxed elementor-section-height-default elementor-section-height-default\" data-id=\"e8c1892\" data-element_type=\"section\">\n\t\t\t\t\t\t<div class=\"elementor-container elementor-column-gap-default\">\n\t\t\t\t\t<div class=\"elementor-column elementor-col-50 elementor-top-column elementor-element elementor-element-9027737\" data-id=\"9027737\" data-element_type=\"column\">\n\t\t\t<div class=\"elementor-widget-wrap elementor-element-populated\">\n\t\t\t\t\t\t<div class=\"elementor-element elementor-element-cb8585c elementor-widget elementor-widget-image\" data-id=\"cb8585c\" data-element_type=\"widget\" data-widget_type=\"image.default\">\n\t\t\t\t<div class=\"elementor-widget-container\">\n\t\t\t\t\t\t\t\t\t\t\t\t\t\t\t<img decoding=\"async\" width=\"750\" height=\"1125\" src=\"https:\/\/propeyresq.be\/wp-content\/uploads\/2021\/11\/IMG_0371-768x1152.jpg\" class=\"attachment-medium_large size-medium_large wp-image-1589\" alt=\"\" srcset=\"https:\/\/propeyresq.be\/wp-content\/uploads\/2021\/11\/IMG_0371-768x1152.jpg 768w, https:\/\/propeyresq.be\/wp-content\/uploads\/2021\/11\/IMG_0371-200x300.jpg 200w, https:\/\/propeyresq.be\/wp-content\/uploads\/2021\/11\/IMG_0371-683x1024.jpg 683w, https:\/\/propeyresq.be\/wp-content\/uploads\/2021\/11\/IMG_0371-1024x1536.jpg 1024w, https:\/\/propeyresq.be\/wp-content\/uploads\/2021\/11\/IMG_0371-1365x2048.jpg 1365w, https:\/\/propeyresq.be\/wp-content\/uploads\/2021\/11\/IMG_0371-scaled.jpg 1707w\" sizes=\"(max-width: 750px) 100vw, 750px\" \/>\t\t\t\t\t\t\t\t\t\t\t\t\t\t\t<\/div>\n\t\t\t\t<\/div>\n\t\t\t\t\t<\/div>\n\t\t<\/div>\n\t\t\t\t<div class=\"elementor-column elementor-col-50 elementor-top-column elementor-element elementor-element-4c0285b\" data-id=\"4c0285b\" data-element_type=\"column\">\n\t\t\t<div class=\"elementor-widget-wrap elementor-element-populated\">\n\t\t\t\t\t\t<div class=\"elementor-element elementor-element-4be0717 elementor-drop-cap-yes elementor-drop-cap-view-default elementor-widget elementor-widget-text-editor\" data-id=\"4be0717\" data-element_type=\"widget\" data-settings=\"{&quot;drop_cap&quot;:&quot;yes&quot;}\" data-widget_type=\"text-editor.default\">\n\t\t\t\t<div class=\"elementor-widget-container\">\n\t\t\t\t\t\t\t\t\t<p style=\"font-size: 18px;\">Chacun et chacune peut ainsi vivre ses pr\u00e9f\u00e9rences et son exp\u00e9rience peyrescane \u00e0 son rythme selon ses besoins\u00a0: atelier d\u2019initiation artistique ou artisanale\u00a0; d\u00e9bat d\u2019id\u00e9es au cours d\u2019une conf\u00e9rence\u00a0; lecture solitaire sur la place, un coin perdu pr\u00e8s du village ou la terrasse de la biblioth\u00e8que\u00a0; r\u00e9paration d\u2019un meuble ou r\u00e9novation d\u2019une chambre ; partie de p\u00e9tanque ou tournoi de volley\u00a0; visite culturelle ou d\u2019un mus\u00e9e dans la vall\u00e9e\u00a0; jeux de soci\u00e9t\u00e9 entre amis\u00a0ou cin\u00e9-club ; stage d\u2019\u00e9tude ou s\u00e9minaire de recherche d\u2019un groupe constitu\u00e9\u00a0; concert de musique ou repr\u00e9sentation th\u00e9\u00e2trale\u00a0; descente au lac du Castillon (sports nautiques)\u00a0; atelier d\u2019expression ou d\u2019\u00e9criture\u00a0; balades et randonn\u00e9es\u00a0; d\u00e9tente au bord d\u2019une rivi\u00e8re ou au march\u00e9\u00a0; rencontres et discussions sans fin autour d\u2019un \u00ab\u00a0soleil\u00a0\u00bb au bar\u00a0; sacr\u00e9s ap\u00e9ros\u00a0; soir\u00e9es dansantes,\u2026<\/p>\n<p style=\"font-size: 18px;\"><\/p>\n<p style=\"font-size: 18px;\">Le partage \u00e9tant le moteur de cette exp\u00e9rience, chaque membre est aussi encourag\u00e9 \u00e0 donner quelques heures de son temps pour aider \u00e0 l\u2019organisation ou proposer une animation.<\/p>\n<p style=\"font-size: 18px;\"><\/p>\n<p style=\"font-size: 18px;\"><\/p>\t\t\t\t\t\t\t\t<\/div>\n\t\t\t\t<\/div>\n\t\t\t\t\t<\/div>\n\t\t<\/div>\n\t\t\t\t\t<\/div>\n\t\t<\/section>\n\t\t\t\t<section class=\"elementor-section elementor-top-section elementor-element elementor-element-b5b55fd elementor-section-boxed elementor-section-height-default elementor-section-height-default\" data-id=\"b5b55fd\" data-element_type=\"section\">\n\t\t\t\t\t\t<div class=\"elementor-container elementor-column-gap-default\">\n\t\t\t\t\t<div class=\"elementor-column elementor-col-50 elementor-top-column elementor-element elementor-element-0a30a7e\" data-id=\"0a30a7e\" data-element_type=\"column\">\n\t\t\t<div class=\"elementor-widget-wrap elementor-element-populated\">\n\t\t\t\t\t\t<div class=\"elementor-element elementor-element-e5d8dff elementor-drop-cap-yes elementor-drop-cap-view-default elementor-widget elementor-widget-text-editor\" data-id=\"e5d8dff\" data-element_type=\"widget\" data-settings=\"{&quot;drop_cap&quot;:&quot;yes&quot;}\" data-widget_type=\"text-editor.default\">\n\t\t\t\t<div class=\"elementor-widget-container\">\n\t\t\t\t\t\t\t\t\t<p>Au niveau du confort, Peyresq n\u2019est ni une structure h\u00f4teli\u00e8re, ni un \u00ab\u00a0village de vacances\u00a0\u00bb. Ses maisons, bien que reconstruites et habitables, sont rustiques (murs de pierres, planchers en bois) et peu isol\u00e9es. Les chambres sont soit collectives (dortoir de quatre \u00e0 huit lits), soit privatives (de un \u00e0 trois lits). Leur am\u00e9nagement comme leur \u00e9quipement est simple et tr\u00e8s sommaire. Enfin, les sanitaires sont souvent communs pour toutes les chambres de la maison. Les commodit\u00e9s mat\u00e9rielles ne sont donc pas le premier crit\u00e8re pour lequel les membres viennent \u00e0 Peyresq.<\/p>\n<p>En parall\u00e8le, les prix pratiqu\u00e9s par PRO PEYRESQ se veulent d\u00e9mocratiques et accessibles au plus grand nombre, en particulier pour favoriser la participation des \u00e9tudiants et de la jeunesse.<\/p>\n<p>Le confort relatif, le quotidien en partie communautaire et les activit\u00e9s collectives forcent \u00e9galement les participants \u00e0 travailler leur tol\u00e9rance, \u00e0 penser dans l\u2019int\u00e9r\u00eat du groupe et \u00e0 accepter les r\u00e8gles minimums inh\u00e9rentes \u00e0 la collectivit\u00e9. C\u2019est aussi l\u2019occasion pour beaucoup de quitter un temps le caract\u00e8re individualiste, consum\u00e9riste ou concurrentiel de nos vies actuelles.<\/p>\t\t\t\t\t\t\t\t<\/div>\n\t\t\t\t<\/div>\n\t\t\t\t\t<\/div>\n\t\t<\/div>\n\t\t\t\t<div class=\"elementor-column elementor-col-50 elementor-top-column elementor-element elementor-element-628597d\" data-id=\"628597d\" data-element_type=\"column\">\n\t\t\t<div class=\"elementor-widget-wrap elementor-element-populated\">\n\t\t\t\t\t\t<div class=\"elementor-element elementor-element-9558879 elementor-widget elementor-widget-image\" data-id=\"9558879\" data-element_type=\"widget\" data-widget_type=\"image.default\">\n\t\t\t\t<div class=\"elementor-widget-container\">\n\t\t\t\t\t\t\t\t\t\t\t\t\t\t\t<img decoding=\"async\" width=\"750\" height=\"579\" src=\"https:\/\/propeyresq.be\/wp-content\/uploads\/2022\/03\/927AC870-2724-44C2-B139-28EA218327C0-1024x791.jpeg\" class=\"attachment-large size-large wp-image-1778\" alt=\"\" srcset=\"https:\/\/propeyresq.be\/wp-content\/uploads\/2022\/03\/927AC870-2724-44C2-B139-28EA218327C0-1024x791.jpeg 1024w, https:\/\/propeyresq.be\/wp-content\/uploads\/2022\/03\/927AC870-2724-44C2-B139-28EA218327C0-300x232.jpeg 300w, https:\/\/propeyresq.be\/wp-content\/uploads\/2022\/03\/927AC870-2724-44C2-B139-28EA218327C0-768x594.jpeg 768w, https:\/\/propeyresq.be\/wp-content\/uploads\/2022\/03\/927AC870-2724-44C2-B139-28EA218327C0-1536x1187.jpeg 1536w, https:\/\/propeyresq.be\/wp-content\/uploads\/2022\/03\/927AC870-2724-44C2-B139-28EA218327C0-2048x1583.jpeg 2048w\" sizes=\"(max-width: 750px) 100vw, 750px\" \/>\t\t\t\t\t\t\t\t\t\t\t\t\t\t\t<\/div>\n\t\t\t\t<\/div>\n\t\t\t\t\t<\/div>\n\t\t<\/div>\n\t\t\t\t\t<\/div>\n\t\t<\/section>\n\t\t\t\t<\/div>\n\t\t","protected":false},"excerpt":{"rendered":"<p>S\u00e9journer au village dans nos infrastructures L\u2019A.S.B.L. offre \u00e0 ses membres des \u00ab\u00a0services\u00a0\u00bb lors de leur s\u00e9jour au village\u00a0: un h\u00e9bergement \u00e0 prix d\u00e9mocratique, un restaurant communautaire, un bar, des animations, des activit\u00e9s et parfois des stages organis\u00e9s. Si la participation au projet et \u00e0 l\u2019organisation b\u00e9n\u00e9vole doit rester la [&hellip;]<\/p>\n","protected":false},"author":2,"featured_media":0,"parent":0,"menu_order":4,"comment_status":"closed","ping_status":"closed","template":"page-templates\/template-fullwidth.php","meta":{"footnotes":""},"class_list":["post-1062","page","type-page","status-publish","hentry"],"post_mailing_queue_ids":[],"_links":{"self":[{"href":"https:\/\/propeyresq.be\/index.php?rest_route=\/wp\/v2\/pages\/1062","targetHints":{"allow":["GET"]}}],"collection":[{"href":"https:\/\/propeyresq.be\/index.php?rest_route=\/wp\/v2\/pages"}],"about":[{"href":"https:\/\/propeyresq.be\/index.php?rest_route=\/wp\/v2\/types\/page"}],"author":[{"embeddable":true,"href":"https:\/\/propeyresq.be\/index.php?rest_route=\/wp\/v2\/users\/2"}],"replies":[{"embeddable":true,"href":"https:\/\/propeyresq.be\/index.php?rest_route=%2Fwp%2Fv2%2Fcomments&post=1062"}],"version-history":[{"count":5,"href":"https:\/\/propeyresq.be\/index.php?rest_route=\/wp\/v2\/pages\/1062\/revisions"}],"predecessor-version":[{"id":1782,"href":"https:\/\/propeyresq.be\/index.php?rest_route=\/wp\/v2\/pages\/1062\/revisions\/1782"}],"wp:attachment":[{"href":"https:\/\/propeyresq.be\/index.php?rest_route=%2Fwp%2Fv2%2Fmedia&parent=1062"}],"curies":[{"name":"wp","href":"https:\/\/api.w.org\/{rel}","templated":true}]}}